{"id":3985,"date":"2024-05-17T21:24:30","date_gmt":"2024-05-17T19:24:30","guid":{"rendered":"https:\/\/regardsetpartage.fr\/?page_id=3985"},"modified":"2026-08-05T00:36:59","modified_gmt":"2026-08-04T22:36:59","slug":"informations-importantes","status":"publish","type":"page","link":"https:\/\/regardsetpartage.fr\/?page_id=3985","title":{"rendered":"Informations importantes"},"content":{"rendered":"\n<p class=\"has-large-font-size wp-block-paragraph\"><strong>Inscriptions 2026-2027 :<\/strong><\/p>\n\n\n\n<p class=\"wp-block-paragraph\">Les inscriptions pour la saison 2026-2027 sont <strong>ouvertes<\/strong>.<\/p>\n\n\n\n<p class=\"wp-block-paragraph\">Pour les adh\u00e9sions de la saison 2026-2027, l&rsquo;inscription se fera directement en ligne via la page d\u00e9di\u00e9e :<\/p>\n\n\n\n<div class=\"wp-block-buttons is-layout-flex wp-block-buttons-is-layout-flex\">\n<div class=\"wp-block-button\"><a class=\"wp-block-button__link wp-element-button\" href=\"https:\/\/forms.gle\/Ufapbwe2jKN7b19h6\" target=\"_blank\" rel=\"noreferrer noopener\">Inscription 2026-2027<\/a><\/div>\n<\/div>\n\n\n\n<p class=\"wp-block-paragraph\">La cotisation annuelle est de 50\u20ac.<\/p>\n\n\n\n<p class=\"wp-block-paragraph\">Le nombre de place est limit\u00e9 \u00e0 10 membres.<\/p>\n\n\n\n<p class=\"wp-block-paragraph\">Le calendrier de l&rsquo;ann\u00e9e est disponible ici :<\/p>\n\n\n\n<div class=\"wp-block-buttons is-layout-flex wp-block-buttons-is-layout-flex\">\n<div class=\"wp-block-button\"><a class=\"wp-block-button__link wp-element-button\" href=\"https:\/\/regardsetpartage.fr\/?page_id=4582\">Acc\u00e9der \u00e0 l&rsquo;agenda des sorties<\/a><\/div>\n<\/div>\n\n\n\n<p class=\"wp-block-paragraph\"><\/p>\n","protected":false},"excerpt":{"rendered":"<p>Inscriptions 2026-2027 : Les inscriptions pour la saison 2026-2027 sont ouvertes. Pour les adh\u00e9sions de la saison 2026-2027, l&rsquo;inscription se fera directement en ligne via la page d\u00e9di\u00e9e : La cotisation annuelle est de 50\u20ac. Le nombre de place est limit\u00e9 \u00e0 10 membres. Le calendrier de l&rsquo;ann\u00e9e est disponible ici :<\/p>\n","protected":false},"author":1,"featured_media":0,"parent":0,"menu_order":0,"comment_status":"closed","ping_status":"closed","template":"","meta":{"footnotes":""},"class_list":["post-3985","page","type-page","status-publish","hentry","missing-thumbnail"],"_links":{"self":[{"href":"https:\/\/regardsetpartage.fr\/index.php?rest_route=\/wp\/v2\/pages\/3985","targetHints":{"allow":["GET"]}}],"collection":[{"href":"https:\/\/regardsetpartage.fr\/index.php?rest_route=\/wp\/v2\/pages"}],"about":[{"href":"https:\/\/regardsetpartage.fr\/index.php?rest_route=\/wp\/v2\/types\/page"}],"author":[{"embeddable":true,"href":"https:\/\/regardsetpartage.fr\/index.php?rest_route=\/wp\/v2\/users\/1"}],"replies":[{"embeddable":true,"href":"https:\/\/regardsetpartage.fr\/index.php?rest_route=%2Fwp%2Fv2%2Fcomments&post=3985"}],"version-history":[{"count":13,"href":"https:\/\/regardsetpartage.fr\/index.php?rest_route=\/wp\/v2\/pages\/3985\/revisions"}],"predecessor-version":[{"id":6743,"href":"https:\/\/regardsetpartage.fr\/index.php?rest_route=\/wp\/v2\/pages\/3985\/revisions\/6743"}],"wp:attachment":[{"href":"https:\/\/regardsetpartage.fr\/index.php?rest_route=%2Fwp%2Fv2%2Fmedia&parent=3985"}],"curies":[{"name":"wp","href":"https:\/\/api.w.org\/{rel}","templated":true}]}}

<p class="has-large-font-size wp-block-paragraph"><strong>Inscriptions 2026-2027 :</strong></p>



<p class="wp-block-paragraph">Les inscriptions pour la saison 2026-2027 sont <strong>ouvertes</strong>.</p>



<p class="wp-block-paragraph">Pour les adhésions de la saison 2026-2027, l&rsquo;inscription se fera directement en ligne via la page dédiée :</p>



<div class="wp-block-buttons is-layout-flex wp-block-buttons-is-layout-flex">
<div class="wp-block-button"><a class="wp-block-button__link wp-element-button" href="https://forms.gle/Ufapbwe2jKN7b19h6" target="_blank" rel="noreferrer noopener">Inscription 2026-2027</a></div>
</div>



<p class="wp-block-paragraph">La cotisation annuelle est de 50€.</p>



<p class="wp-block-paragraph">Le nombre de place est limité à 10 membres.</p>



<p class="wp-block-paragraph">Le calendrier de l&rsquo;année est disponible ici :</p>



<div class="wp-block-buttons is-layout-flex wp-block-buttons-is-layout-flex">
<div class="wp-block-button"><a class="wp-block-button__link wp-element-button" href="https://regardsetpartage.fr/?page_id=4582">Accéder à l&rsquo;agenda des sorties</a></div>
</div>



<p class="wp-block-paragraph"></p>

<p>Inscriptions 2026-2027 : Les inscriptions pour la saison 2026-2027 sont ouvertes. Pour les adhésions de la saison 2026-2027, l&rsquo;inscription se fera directement en ligne via la page dédiée : La cotisation annuelle est de 50€. Le nombre de place est limité à 10 membres. Le calendrier de l&rsquo;année est disponible ici :</p>
